6
In base 2, what is -111010 - -110010100111?
110001101101
In base 14, what is 0 - 2c6c2?
-2c6c2
In base 12, what is 253359 + 1?
25335a
In base 13, what is 7a19 - 0?
7a19
In base 9, what is 6 + -77?
-71
In base 8, what is 1056053 - 4?
1056047
In base 13, what is 88 - -2642?
26ca
In base 15, what is -17 + -534?
-54b
In base 15, what is 207c + 3?
2080
In base 2, what is -101 + -101000001100101011?
-101000001100110000
In base 5, what is 12 + -1021124?
-1021112
In base 15, what is -cd3 + 22?
-cb1
In base 14, what is -3d495 + 10?
-3d485
In base 4, what is -20212001 - 10?
-20212011
In base 4, what is -322032 + -131?
-322223
In base 9, what is 8 - 16810?
-16801
In base 2, what is 1010010001001001 - 1100110?
1010001111100011
In base 2, what is 11 + -1011100010100010?
-1011100010011111
In base 15, what is 23b - -47?
283
In base 13, what is -841 - 4?
-845
In base 11, what is 22 - -792?
804
In base 10, what is -11 + 109?
98
In base 12, what is 1079 + 346?
1403
In base 9, what is -2826 + 306?
-2520
In base 15, what is -6d - -50bd?
5050
In base 15, what is 203 - 6?
1ec
In base 9, what is 1320 - -67?
1387
In base 9, what is 34747 - -75?
34833
In base 16, what is 5b42 - 4?
5b3e
In base 13, what is 1 + -1199?
-1198
In base 6, what is -223120 - 1123?
-224243
In base 13, what is 12a8 + 140?
1418
In base 3, what is 210022 + 1112?
211211
In base 13, what is 3 - 28ca12?
-28ca0c
In base 11, what is 0 - 143a85?
-143a85
In base 12, what is 8a7ab + -4?
8a7a7
In base 14, what is -8 - 490a4?
-490ac
In base 7, what is -3534 - -225?
-3306
In base 16, what is 3f837 - -3?
3f83a
In base 14, what is 1 + 3cc84?
3cc85
In base 14, what is 319c9d + 5?
319ca4
In base 14, what is -36560 + 2?
-3655c
In base 3, what is 1012221210101 - -12?
1012221210120
In base 10, what is -216 - -79?
-137
In base 3, what is 1220220012012 - -1?
1220220012020
In base 9, what is 62853 + -10?
62843
In base 6, what is -235 + 11053?
10414
In base 12, what is 77 + 130?
1a7
In base 13, what is -2c - 577?
-5a6
In base 14, what is 0 + 4da55?
4da55
In base 5, what is 2114 + -210?
1404
In base 4, what is -2122 - -31323?
23201
In base 16, what is -9 - -1593?
158a
In base 10, what is 28624 - 4?
28620
In base 14, what is 8 - 19972?
-19968
In base 6, what is 13331125 + -1?
13331124
In base 14, what is -36425 + 7?
-3641c
In base 4, what is 3 - -3322223230?
3322223233
In base 4, what is 113333 - 103011?
10322
In base 10, what is 2 - -46836?
46838
In base 9, what is -3 - 665476?
-665480
In base 6, what is -3052215 - 2?
-3052221
In base 10, what is -5 + -71066?
-71071
In base 15, what is 0 + 49a52?
49a52
In base 8, what is -134470 - 4?
-134474
In base 4, what is 20022113 - 11?
20022102
In base 13, what is -2182 - -8?
-2177
In base 12, what is -a35 - 9?
-a42
In base 13, what is -a3 - -1867?
1794
In base 9, what is -47312 + 63?
-47238
In base 9, what is -5072 + -332?
-5414
In base 9, what is 83323 + 5?
83328
In base 15, what is -ebbc - -6?
-ebb6
In base 15, what is -3 + -5a7a9?
-5a7ac
In base 16, what is 4 + 42fef?
42ff3
In base 15, what is 6d + 1d9?
257
In base 8, what is -23 + -24564?
-24607
In base 14, what is -733c - 0?
-733c
In base 10, what is -8036 + 2?
-8034
In base 3, what is 10 + -222101010?
-222101000
In base 9, what is -7127 + -27?
-7155
In base 6, what is 3 + -235224?
-235221
In base 3, what is 0 + 102220102002?
102220102002
In base 7, what is 662 + 2530?
3522
In base 5, what is -32 + 10043324?
10043242
In base 7, what is -1 + -53500?
-53501
In base 10, what is 77820 - 4?
77816
In base 13, what is 9c - 3326?
-3257
In base 16, what is -d5 - -2f8?
223
In base 15, what is -26c - 79?
-2e6
In base 11, what is -3 + -311?
-314
In base 6, what is 2202103 - -1?
2202104
In base 6, what is 25110221 + 1?
25110222
In base 15, what is -5d + -150e?
-156c
In base 4, what is 1002 - -102020?
103022
In base 16, what is -d53 - fa?
-e4d
In base 2, what is 11001001111100 - 1010?
11001001110010
In base 2, what is -11101011100 + 111101000?
-10101110100
In base 12, what is 30772b + 1?
307730
In base 15, what is -5 + -21973?
-21978
In base 14, what is 59a + -24c2?
-1d26
In base 4, what is -233 + -321012?
-321311
In base 11, what is 23737 + 4?
23740
In base 10, what is -651 + -2674?
-3325
In base 4, what is -10 - -1132201?
1132131
In base 6, what is 3 - 1251232?
-1251225
In base 9, what is 548 - -561?
1220
In base 10, what is 1501 - -4017?
5518
In base 6, what is -5 + 204252?
204243
In base 11, what is -2a28 + -354?
-3281
In base 5, what is -10 + -410404?
-410414
In base 7, what is 534 - -646?
1513
In base 8, what is -56343 + 4?
-56337
In base 5, what is 22030 - 110?
21420
In base 5, what is -33124330 + 4?
-33124321
In base 9, what is -648 + 6321?
5562
In base 16, what is 5 - -43a?
43f
In base 2, what is 1001100010111110 + -10100?
1001100010101010
In base 6, what is 44242543 - -5?
44242552
In base 13, what is -3a606 + 5?
-3a601
In base 6, what is 141354 + 243?
142041
In base 12, what is -1018 - 5?
-1021
In base 5, what is 3 - -104?
112
In base 8, what is -3 - -1457304?
1457301
In base 12, what is -a - 211582?
-211590
In base 16, what is ff + cf?
1ce
In base 6, what is 430514442 - 3?
430514435
In base 6, what is 4100 - 4?
4052
In base 2, what is -1001 - 1111110100?
-1111111101
In base 4, what is 3 + -10002312?
-10002303
In base 5, what is 1242432 + -1?
1242431
In base 8, what is -127123 + 34?
-127067
In base 10, what is 4254 - -72?
4326
In base 10, what is -1860330 - -2?
-1860328
In base 10, what is 4 + 5814?
5818
In base 6, what is 11 + -32534?
-32523
In base 4, what is 3 - -3010312113?
3010312122
In base 5, what is 1 + 1031100?
1031101
In base 9, what is -14317 + 1?
-14316
In base 13, what is -1 + -1734?
-1735
In base 5, what is 12230232 + -4?
12230223
In base 9, what is 58 + 5781?
5850
In base 3, what is 1102 + -121202120?
-121201011
In base 6, what is -254 - 313?
-1011
In base 5, what is -3 - 12004012?
-12004020
In base 8, what is 377 + 3131?
3530
In base 7, what is -222565 - -11?
-222554
In base 11, what is 1a + -3785?
-3766
In base 9, what is 5 - 20626?
-20621
In base 5, what is -4 - 11320204?
-11320213
In base 9, what is -7878 + 22?
-7856
In base 9, what is -13 - -72?
58
In base 6, what is -320 - -20153?
15433
In base 6, what is -13 + -2035442?
-2035455
In base 10, what is -147 - 7889?
-8036
In base 13, what is -3c46 - -c?
-3c37
In base 13, what is -176 - 2c7?
-470
In base 6, what is 15 - -12204?
12223
In base 7, what is -1546002 - -4?
-1545665
In base 11, what is -1 - a5327?
-a5328
In base 4, what is -10 + -202313310?
-202313320
In base 10, what is -21 + -17683?
-17704
In base 14, what is -326 + 44?
-2c2
In base 16, what is 1c84 - -1?
1c85
In base 12, what is 4a63 - 8?
4a57
In base 2, what is -10100 - 100010111111110000?
-100011000000000100
In base 9, what is -6 + 8707?
8701
In base 16, what is -5 - 3f59?
-3f5e
In base 4, what is 22 + -13311?
-13223
In base 14, what is -1 - -20701?
20700
In base 4, what is 11203001000 - 11?
11203000323
In base 6, what is 24204 + -221?
23543
In base 9, what is -21255 - -10?
-21245
In base 15, what is 172cd7 + 2?
172cd9
In base 3, what is 10012 + -2202210?
-2122121
In base 14, what is -6c - 163?
-1d1
In base 7, what is -4620 - 22?
-4642
In base 7, what is -144055 + 2?
-144053
In base 3, what is 10 - -1011221111?
1011221121
In base 4, what is 211 + -32320?
-32103
In base 4, what is -1020332 + -13?
-1021011
In base 8, what is 5 + 1021003?
1021010
In base 6, what is -31300 + 135?
-31121
In base 11, what is -20 - -12152?
12132
In base 9, what is 4 - 583404?
-583400
In base 13, what is -7a0273 - -3?
-7a0270
In base 5, what is -212341111 + 0?
-212341111
In base 2, what is 100100100101010001 - 1101?
100100100101000100
In base 11, what is -4808 + -89?
-4896
In base 16, what is 1d81 + 104?
1e85
In base 8, what is 12553 + 0?
12553
In base 14, what is 102c + c?
103a
In base 8, what is -17 + 22354?
22335
In base 16, what is -257 - 1d6?
-42d
In base 13, what is 23b4 + -208?
21a9
In base 4, what is 311021 + 10332?
322013
In base 6, what is -412 - -2314?
1502
In base 15, what is 3ba + -2d?
38c
In base 12, what is -ba941 + 6?
-ba937
In base 9, what is -1378 + -1521?
-3010
In base 6, what is -13043425 + 3?
-13043422
In base 3, what is 1221211021202 + -10?
1221211021122
In base 14, what is 970ad - 3?
970aa
In